{"id":12837,"date":"2009-11-14T02:55:00","date_gmt":"2009-11-14T07:55:00","guid":{"rendered":"http:\/\/ctccollector.ca\/store\/?post_type=product&#038;p=12837"},"modified":"2022-12-19T12:49:34","modified_gmt":"2022-12-19T17:49:34","slug":"ctc-s11-c-f-unc-well-centered","status":"publish","type":"product","link":"https:\/\/ctccollector.ca\/store\/shop\/ctc-s11-c-f-unc-well-centered\/","title":{"rendered":"[:en]CTC S11-C-F  &#8211;  UNC &#8211; Well centered[:fr]CTC S11-C-F  &#8211;  UNC &#8211; Bien centr\u00e9[:]"},"content":{"rendered":"<p>[:en]&nbsp;<\/p>\n<p>Superb well centered note,\u00a0serial number will vary from image.[:fr]Billet superbe, bien centr\u00e9, num\u00e9ro de s\u00e9rie peut varier.[:]<\/p>\n","protected":false},"excerpt":{"rendered":"<p>[:en]&nbsp; Superb well centered note,\u00a0serial number will vary from image.[:fr]Billet superbe, bien centr\u00e9, num\u00e9ro de s\u00e9rie peut varier.[:]<\/p>\n","protected":false},"featured_media":12838,"template":"","meta":[],"product_brand":[884],"product_cat":[557],"product_tag":[],"class_list":{"0":"post-12837","1":"product","2":"type-product","3":"status-publish","4":"has-post-thumbnail","6":"product_brand-british-american-banknote","7":"product_cat-ctc-s11-10-notes-25","10":"first","11":"instock","12":"shipping-taxable","13":"purchasable","14":"product-type-simple"},"_links":{"self":[{"href":"https:\/\/ctccollector.ca\/store\/wp-json\/wp\/v2\/product\/12837","targetHints":{"allow":["GET"]}}],"collection":[{"href":"https:\/\/ctccollector.ca\/store\/wp-json\/wp\/v2\/product"}],"about":[{"href":"https:\/\/ctccollector.ca\/store\/wp-json\/wp\/v2\/types\/product"}],"wp:featuredmedia":[{"embeddable":true,"href":"https:\/\/ctccollector.ca\/store\/wp-json\/wp\/v2\/media\/12838"}],"wp:attachment":[{"href":"https:\/\/ctccollector.ca\/store\/wp-json\/wp\/v2\/media?parent=12837"}],"wp:term":[{"taxonomy":"product_brand","embeddable":true,"href":"https:\/\/ctccollector.ca\/store\/wp-json\/wp\/v2\/product_brand?post=12837"},{"taxonomy":"product_cat","embeddable":true,"href":"https:\/\/ctccollector.ca\/store\/wp-json\/wp\/v2\/product_cat?post=12837"},{"taxonomy":"product_tag","embeddable":true,"href":"https:\/\/ctccollector.ca\/store\/wp-json\/wp\/v2\/product_tag?post=12837"}],"curies":[{"name":"wp","href":"https:\/\/api.w.org\/{rel}","templated":true}]}}