{"id":13345,"date":"2012-04-19T06:24:00","date_gmt":"2012-04-19T10:24:00","guid":{"rendered":"http:\/\/ctccollector.ca\/store\/?post_type=product&#038;p=13345"},"modified":"2024-01-20T12:10:05","modified_gmt":"2024-01-20T17:10:05","slug":"ctc-s18-b-f-s19g-unc-complete-set-of-regular-notes","status":"publish","type":"product","link":"https:\/\/ctccollector.ca\/store\/shop\/ctc-s18-b-f-s19g-unc-complete-set-of-regular-notes\/","title":{"rendered":"[:en]CTC S18-B-F+S19G  &#8211;  UNC &#8211; Complete Set of Regular Notes[:fr]CTC S18-B-F + S19G  &#8211;  UNC &#8211; Ensemble complet de billets r\u00e9guliers[:]"},"content":{"rendered":"<p>[:en]Complete set of 6 UNC CTC S18+S19 notes.<\/p>\n<p>CTC S18-B 5\u00a2<br \/>\nCTC S18-C 10\u00a2<br \/>\nCTC S18-D 25\u00a2<br \/>\nCTC S18-E 50\u00a2<br \/>\nCTC S18-F $1.00<br \/>\nCTC S19-G $2.00<\/p>\n<p>This set contains only the regular issue of notes, no varieties or replacements.<\/p>\n<p>Check out the image of the set, the serial numbers you will receive will vary from the image.[:fr]Ensemble complet de billets r\u00e9guliers en UNC.<\/p>\n<p>CTC S18-B 5\u00a2<br \/>\nCTC S18-C 10\u00a2<br \/>\nCTC S18-D 25\u00a2<br \/>\nCTC S18-E 50\u00a2<br \/>\nCTC S18-F $1.00<br \/>\nCTC S19-G $2.00<\/p>\n<p>Cet ensemble ne contient que les billets r\u00e9gulier et non des vari\u00e9t\u00e9s ou des remplacements.<\/p>\n<p>Voir l&#8217;image pour examiner l&#8217;ensemble, les num\u00e9ros de s\u00e9rie que vous recevra varieront de l&#8217;image.[:]<\/p>\n","protected":false},"excerpt":{"rendered":"<p>[:en]Complete set of 6 UNC CTC S18+S19 notes. CTC S18-B 5\u00a2 CTC S18-C 10\u00a2 CTC S18-D 25\u00a2 CTC S18-E 50\u00a2 CTC S18-F $1.00 CTC S19-G $2.00 This set contains only the regular issue of notes, no varieties or replacements. Check out the image of the set, the serial numbers you will receive will vary from &hellip; <a href=\"https:\/\/ctccollector.ca\/store\/shop\/ctc-s18-b-f-s19g-unc-complete-set-of-regular-notes\/\" class=\"more-link\">Continue reading <span class=\"screen-reader-text\">[:en]CTC S18-B-F+S19G  &#8211;  UNC &#8211; Complete Set of Regular Notes[:fr]CTC S18-B-F + S19G  &#8211;  UNC &#8211; Ensemble complet de billets r\u00e9guliers[:]<\/span> <span class=\"meta-nav\">&rarr;<\/span><\/a><\/p>\n","protected":false},"featured_media":21320,"template":"","meta":[],"product_brand":[884],"product_cat":[255],"product_tag":[],"class_list":{"0":"post-13345","1":"product","2":"type-product","3":"status-publish","4":"has-post-thumbnail","6":"product_brand-british-american-banknote","7":"product_cat-beginner-sets","10":"first","11":"outofstock","12":"shipping-taxable","13":"purchasable","14":"product-type-simple"},"_links":{"self":[{"href":"https:\/\/ctccollector.ca\/store\/wp-json\/wp\/v2\/product\/13345","targetHints":{"allow":["GET"]}}],"collection":[{"href":"https:\/\/ctccollector.ca\/store\/wp-json\/wp\/v2\/product"}],"about":[{"href":"https:\/\/ctccollector.ca\/store\/wp-json\/wp\/v2\/types\/product"}],"wp:featuredmedia":[{"embeddable":true,"href":"https:\/\/ctccollector.ca\/store\/wp-json\/wp\/v2\/media\/21320"}],"wp:attachment":[{"href":"https:\/\/ctccollector.ca\/store\/wp-json\/wp\/v2\/media?parent=13345"}],"wp:term":[{"taxonomy":"product_brand","embeddable":true,"href":"https:\/\/ctccollector.ca\/store\/wp-json\/wp\/v2\/product_brand?post=13345"},{"taxonomy":"product_cat","embeddable":true,"href":"https:\/\/ctccollector.ca\/store\/wp-json\/wp\/v2\/product_cat?post=13345"},{"taxonomy":"product_tag","embeddable":true,"href":"https:\/\/ctccollector.ca\/store\/wp-json\/wp\/v2\/product_tag?post=13345"}],"curies":[{"name":"wp","href":"https:\/\/api.w.org\/{rel}","templated":true}]}}