{"id":13511,"date":"2013-02-01T08:34:00","date_gmt":"2013-02-01T08:34:00","guid":{"rendered":"http:\/\/ctccollector.ca\/store\/?post_type=product&#038;p=13511"},"modified":"2022-12-19T12:50:11","modified_gmt":"2022-12-19T17:50:11","slug":"ctc-6-e-c1081607-fine","status":"publish","type":"product","link":"https:\/\/ctccollector.ca\/store\/shop\/ctc-6-e-c1081607-fine\/","title":{"rendered":"CTC G06-E &#8211; C1081607 &#8211; FINE"},"content":{"rendered":"<p>[:en]Serial #: C1081607<\/p>\n<p>Grade: FINE<\/p>\n<p>Denomination: $0.25<\/p>\n<p>Check out the image, this will be the actual note you are purchasing![:fr]S\u00e9rie #: C1081607<\/p>\n<p>Grade: FINE<\/p>\n<p>D\u00e9nomination: $0.25<\/p>\n<p>Voir l&#8217;image pour examiner le billet que vous ach\u00e8terez![:]<\/p>\n","protected":false},"excerpt":{"rendered":"<p>[:en]Serial #: C1081607 Grade: FINE Denomination: $0.25 Check out the image, this will be the actual note you are purchasing![:fr]S\u00e9rie #: C1081607 Grade: FINE D\u00e9nomination: $0.25 Voir l&#8217;image pour examiner le billet que vous ach\u00e8terez![:]<\/p>\n","protected":false},"featured_media":13512,"template":"","meta":[],"product_brand":[884],"product_cat":[314],"product_tag":[],"class_list":{"0":"post-13511","1":"product","2":"type-product","3":"status-publish","4":"has-post-thumbnail","6":"product_brand-british-american-banknote","7":"product_cat-ctc-6-25-notes-3","10":"first","11":"instock","12":"shipping-taxable","13":"purchasable","14":"product-type-simple"},"_links":{"self":[{"href":"https:\/\/ctccollector.ca\/store\/wp-json\/wp\/v2\/product\/13511","targetHints":{"allow":["GET"]}}],"collection":[{"href":"https:\/\/ctccollector.ca\/store\/wp-json\/wp\/v2\/product"}],"about":[{"href":"https:\/\/ctccollector.ca\/store\/wp-json\/wp\/v2\/types\/product"}],"wp:featuredmedia":[{"embeddable":true,"href":"https:\/\/ctccollector.ca\/store\/wp-json\/wp\/v2\/media\/13512"}],"wp:attachment":[{"href":"https:\/\/ctccollector.ca\/store\/wp-json\/wp\/v2\/media?parent=13511"}],"wp:term":[{"taxonomy":"product_brand","embeddable":true,"href":"https:\/\/ctccollector.ca\/store\/wp-json\/wp\/v2\/product_brand?post=13511"},{"taxonomy":"product_cat","embeddable":true,"href":"https:\/\/ctccollector.ca\/store\/wp-json\/wp\/v2\/product_cat?post=13511"},{"taxonomy":"product_tag","embeddable":true,"href":"https:\/\/ctccollector.ca\/store\/wp-json\/wp\/v2\/product_tag?post=13511"}],"curies":[{"name":"wp","href":"https:\/\/api.w.org\/{rel}","templated":true}]}}