{"id":13783,"date":"2013-03-05T12:02:00","date_gmt":"2013-03-05T17:02:00","guid":{"rendered":"http:\/\/ctccollector.ca\/store\/?post_type=product&#038;p=13783"},"modified":"2022-12-19T12:50:27","modified_gmt":"2022-12-19T17:50:27","slug":"ctc-2-c1-ef-3","status":"publish","type":"product","link":"https:\/\/ctccollector.ca\/store\/shop\/ctc-2-c1-ef-3\/","title":{"rendered":"CTC G02-C2 &#8211;  EF"},"content":{"rendered":"<p>[:en]Serial #: none<\/p>\n<p>Grade: EF<\/p>\n<p>Denomination: $0.03<br \/>\nWithout MorPower, see scan for actual note.[:fr]S\u00e9rie #: aucun<\/p>\n<p>Grade: EF<\/p>\n<p>D\u00e9nomination: $0.03<br \/>\nSans MorPower, Voir l&#8217;image pour la note r\u00e9elle.[:]<\/p>\n","protected":false},"excerpt":{"rendered":"<p>[:en]Serial #: none Grade: EF Denomination: $0.03 Without MorPower, see scan for actual note.[:fr]S\u00e9rie #: aucun Grade: EF D\u00e9nomination: $0.03 Sans MorPower, Voir l&#8217;image pour la note r\u00e9elle.[:]<\/p>\n","protected":false},"featured_media":13784,"template":"","meta":[],"product_brand":[884],"product_cat":[579],"product_tag":[],"class_list":{"0":"post-13783","1":"product","2":"type-product","3":"status-publish","4":"has-post-thumbnail","6":"product_brand-british-american-banknote","7":"product_cat-no-serial-no-mor-power","10":"first","11":"instock","12":"shipping-taxable","13":"purchasable","14":"product-type-simple"},"_links":{"self":[{"href":"https:\/\/ctccollector.ca\/store\/wp-json\/wp\/v2\/product\/13783","targetHints":{"allow":["GET"]}}],"collection":[{"href":"https:\/\/ctccollector.ca\/store\/wp-json\/wp\/v2\/product"}],"about":[{"href":"https:\/\/ctccollector.ca\/store\/wp-json\/wp\/v2\/types\/product"}],"wp:featuredmedia":[{"embeddable":true,"href":"https:\/\/ctccollector.ca\/store\/wp-json\/wp\/v2\/media\/13784"}],"wp:attachment":[{"href":"https:\/\/ctccollector.ca\/store\/wp-json\/wp\/v2\/media?parent=13783"}],"wp:term":[{"taxonomy":"product_brand","embeddable":true,"href":"https:\/\/ctccollector.ca\/store\/wp-json\/wp\/v2\/product_brand?post=13783"},{"taxonomy":"product_cat","embeddable":true,"href":"https:\/\/ctccollector.ca\/store\/wp-json\/wp\/v2\/product_cat?post=13783"},{"taxonomy":"product_tag","embeddable":true,"href":"https:\/\/ctccollector.ca\/store\/wp-json\/wp\/v2\/product_tag?post=13783"}],"curies":[{"name":"wp","href":"https:\/\/api.w.org\/{rel}","templated":true}]}}