{"id":16471,"date":"2015-06-23T11:48:00","date_gmt":"2015-06-23T15:48:00","guid":{"rendered":"http:\/\/ctccollector.ca\/store\/?post_type=product&#038;p=16471"},"modified":"2022-12-19T12:53:47","modified_gmt":"2022-12-19T17:53:47","slug":"fa01-010-07-type-014-2404-0406-6052557","status":"publish","type":"product","link":"https:\/\/ctccollector.ca\/store\/shop\/fa01-010-07-type-014-2404-0406-6052557\/","title":{"rendered":"[:en]FA01-010-07-Type 014-2404-0406 &#8211; 6052557[:fr]FA01-010-07-Type 014-2404-0406 &#8211; 6052557[:]"},"content":{"rendered":"<p>[:en]Fixed Amount Series 1<br \/>\n$10.00 Father and Son Repairing a Bicycle<br \/>\n<br \/>Used, no value on card<br \/>\n<br \/>Card #6052557<br \/>\n2404 &#8211; 48mm<br \/>\n<br \/>Date 04-2006[:fr]Montant Fixe s\u00e9ries 1<br \/>\n$10.00 P\u00e8re et fils r\u00e9parant une bicyclette<br \/>\n<br \/>Utilis\u00e9e, aucun valeur sur la carte<br \/>\n<br \/>Carte #6052557<br \/>\n2404 &#8211; 48mm<br \/>\n<br \/>Date 04-2006[:]<\/p>\n","protected":false},"excerpt":{"rendered":"<p>[:en]Fixed Amount Series 1 $10.00 Father and Son Repairing a Bicycle Used, no value on card Card #6052557 2404 &#8211; 48mm Date 04-2006[:fr]Montant Fixe s\u00e9ries 1 $10.00 P\u00e8re et fils r\u00e9parant une bicyclette Utilis\u00e9e, aucun valeur sur la carte Carte #6052557 2404 &#8211; 48mm Date 04-2006[:]<\/p>\n","protected":false},"featured_media":16472,"template":"","meta":[],"product_brand":[886],"product_cat":[742],"product_tag":[],"class_list":{"0":"post-16471","1":"product","2":"type-product","3":"status-publish","4":"has-post-thumbnail","6":"product_brand-canadian-tire-2","7":"product_cat-fa01-010","10":"first","11":"instock","12":"shipping-taxable","13":"purchasable","14":"product-type-simple"},"_links":{"self":[{"href":"https:\/\/ctccollector.ca\/store\/wp-json\/wp\/v2\/product\/16471","targetHints":{"allow":["GET"]}}],"collection":[{"href":"https:\/\/ctccollector.ca\/store\/wp-json\/wp\/v2\/product"}],"about":[{"href":"https:\/\/ctccollector.ca\/store\/wp-json\/wp\/v2\/types\/product"}],"wp:featuredmedia":[{"embeddable":true,"href":"https:\/\/ctccollector.ca\/store\/wp-json\/wp\/v2\/media\/16472"}],"wp:attachment":[{"href":"https:\/\/ctccollector.ca\/store\/wp-json\/wp\/v2\/media?parent=16471"}],"wp:term":[{"taxonomy":"product_brand","embeddable":true,"href":"https:\/\/ctccollector.ca\/store\/wp-json\/wp\/v2\/product_brand?post=16471"},{"taxonomy":"product_cat","embeddable":true,"href":"https:\/\/ctccollector.ca\/store\/wp-json\/wp\/v2\/product_cat?post=16471"},{"taxonomy":"product_tag","embeddable":true,"href":"https:\/\/ctccollector.ca\/store\/wp-json\/wp\/v2\/product_tag?post=16471"}],"curies":[{"name":"wp","href":"https:\/\/api.w.org\/{rel}","templated":true}]}}