{"id":16785,"date":"2015-06-29T12:51:00","date_gmt":"2015-06-29T16:51:00","guid":{"rendered":"http:\/\/ctccollector.ca\/store\/?post_type=product&#038;p=16785"},"modified":"2023-11-29T00:03:10","modified_gmt":"2023-11-29T05:03:10","slug":"fa04-a-050-01-type-023-2406-1112-1022260","status":"publish","type":"product","link":"https:\/\/ctccollector.ca\/store\/shop\/fa04-a-050-01-type-023-2406-1112-1022260\/","title":{"rendered":"FA04-A-050-01-Type 023-2406-1112 &#8211; 1022260"},"content":{"rendered":"<p>[:en]Fixed Amount Series 4 -Corporate Issue<br \/>\n$50.00 Tire Tread with White Band<\/p>\n<p>Used, no value on card<br \/>\n2406 &#8211;<br \/>\nCard #1022260<\/p>\n<p>Date 12-2011[:fr]Montant Fixe s\u00e9ries 4 -\u00c9mission corporatif<br \/>\n$50.00 Semelle de pneus avec bande blanche<\/p>\n<p>Utilis\u00e9e, aucun valeur sur la carte<br \/>\n2406 &#8211;<br \/>\nCarte #1022260<\/p>\n<p>Date 12-2011[:]<\/p>\n","protected":false},"excerpt":{"rendered":"<p>[:en]Fixed Amount Series 4 -Corporate Issue $50.00 Tire Tread with White Band Used, no value on card 2406 &#8211; Card #1022260 Date 12-2011[:fr]Montant Fixe s\u00e9ries 4 -\u00c9mission corporatif $50.00 Semelle de pneus avec bande blanche Utilis\u00e9e, aucun valeur sur la carte 2406 &#8211; Carte #1022260 Date 12-2011[:]<\/p>\n","protected":false},"featured_media":16786,"template":"","meta":[],"product_brand":[886],"product_cat":[756],"product_tag":[],"class_list":{"0":"post-16785","1":"product","2":"type-product","3":"status-publish","4":"has-post-thumbnail","6":"product_brand-canadian-tire-2","7":"product_cat-fa04-050","10":"first","11":"instock","12":"shipping-taxable","13":"purchasable","14":"product-type-simple"},"_links":{"self":[{"href":"https:\/\/ctccollector.ca\/store\/wp-json\/wp\/v2\/product\/16785","targetHints":{"allow":["GET"]}}],"collection":[{"href":"https:\/\/ctccollector.ca\/store\/wp-json\/wp\/v2\/product"}],"about":[{"href":"https:\/\/ctccollector.ca\/store\/wp-json\/wp\/v2\/types\/product"}],"wp:featuredmedia":[{"embeddable":true,"href":"https:\/\/ctccollector.ca\/store\/wp-json\/wp\/v2\/media\/16786"}],"wp:attachment":[{"href":"https:\/\/ctccollector.ca\/store\/wp-json\/wp\/v2\/media?parent=16785"}],"wp:term":[{"taxonomy":"product_brand","embeddable":true,"href":"https:\/\/ctccollector.ca\/store\/wp-json\/wp\/v2\/product_brand?post=16785"},{"taxonomy":"product_cat","embeddable":true,"href":"https:\/\/ctccollector.ca\/store\/wp-json\/wp\/v2\/product_cat?post=16785"},{"taxonomy":"product_tag","embeddable":true,"href":"https:\/\/ctccollector.ca\/store\/wp-json\/wp\/v2\/product_tag?post=16785"}],"curies":[{"name":"wp","href":"https:\/\/api.w.org\/{rel}","templated":true}]}}