{"id":22234,"date":"2017-12-22T13:29:20","date_gmt":"2017-12-22T18:29:20","guid":{"rendered":"https:\/\/ctccollector.ca\/store\/?post_type=product&#038;p=22234"},"modified":"2020-05-26T12:15:18","modified_gmt":"2020-05-26T16:15:18","slug":"vnr-sb-02-type-245-2469-0717-4011316","status":"publish","type":"product","link":"https:\/\/ctccollector.ca\/store\/shop\/vnr-sb-02-type-245-2469-0717-4011316\/","title":{"rendered":"VNR-SB-02-Type 245 &#8211; 2469-0717 &#8211; 4011316"},"content":{"rendered":"<p>[:en]Variable Amount Non-Reloadable<\/p>\n<p>Santa&#8217;s Beard<\/p>\n<p>Used, no value on card<\/p>\n<p>2469 &#8211; Card #4011316<\/p>\n<p>Date 07-2017[:fr]Montant variable non-rechargeable<\/p>\n<p>Barbe du P\u00e8re No\u00ebl<\/p>\n<p>Utilis\u00e9e, aucun valeur sur la carte<\/p>\n<p>2469 &#8211; Carte #4011316<\/p>\n<p>Date 07-2017[:]<\/p>\n","protected":false},"excerpt":{"rendered":"<p>[:en]Variable Amount Non-Reloadable Santa&#8217;s Beard Used, no value on card 2469 &#8211; Card #4011316 Date 07-2017[:fr]Montant variable non-rechargeable Barbe du P\u00e8re No\u00ebl Utilis\u00e9e, aucun valeur sur la carte 2469 &#8211; Carte #4011316 Date 07-2017[:]<\/p>\n","protected":false},"featured_media":22235,"template":"","meta":[],"product_brand":[],"product_cat":[830],"product_tag":[],"class_list":{"0":"post-22234","1":"product","2":"type-product","3":"status-publish","4":"has-post-thumbnail","6":"product_cat-vnr-sb","9":"first","10":"instock","11":"shipping-taxable","12":"purchasable","13":"product-type-simple"},"_links":{"self":[{"href":"https:\/\/ctccollector.ca\/store\/wp-json\/wp\/v2\/product\/22234","targetHints":{"allow":["GET"]}}],"collection":[{"href":"https:\/\/ctccollector.ca\/store\/wp-json\/wp\/v2\/product"}],"about":[{"href":"https:\/\/ctccollector.ca\/store\/wp-json\/wp\/v2\/types\/product"}],"wp:featuredmedia":[{"embeddable":true,"href":"https:\/\/ctccollector.ca\/store\/wp-json\/wp\/v2\/media\/22235"}],"wp:attachment":[{"href":"https:\/\/ctccollector.ca\/store\/wp-json\/wp\/v2\/media?parent=22234"}],"wp:term":[{"taxonomy":"product_brand","embeddable":true,"href":"https:\/\/ctccollector.ca\/store\/wp-json\/wp\/v2\/product_brand?post=22234"},{"taxonomy":"product_cat","embeddable":true,"href":"https:\/\/ctccollector.ca\/store\/wp-json\/wp\/v2\/product_cat?post=22234"},{"taxonomy":"product_tag","embeddable":true,"href":"https:\/\/ctccollector.ca\/store\/wp-json\/wp\/v2\/product_tag?post=22234"}],"curies":[{"name":"wp","href":"https:\/\/api.w.org\/{rel}","templated":true}]}}