{"id":22645,"date":"2018-04-12T10:36:57","date_gmt":"2018-04-12T14:36:57","guid":{"rendered":"https:\/\/ctccollector.ca\/store\/?post_type=product&#038;p=22645"},"modified":"2022-02-24T15:25:58","modified_gmt":"2022-02-24T20:25:58","slug":"fa04-d-025-01-type-061-2421-0516-4009293","status":"publish","type":"product","link":"https:\/\/ctccollector.ca\/store\/shop\/fa04-d-025-01-type-061-2421-0516-4009293\/","title":{"rendered":"FA04-D-025-01-Type 061-2421-0516 &#8211; 4009293"},"content":{"rendered":"<p>[:en]Fixed Amount Series 4 -Corporate Issue<\/p>\n<p>$25.00 Maximum Tools<\/p>\n<p>Used, no value on card 2421<\/p>\n<p>Card #4009293<\/p>\n<p>Date 05-2016[:fr]Montant Fixe s\u00e9ries 4 -\u00c9mission corporatif<\/p>\n<p>$25.00 Maximum Tools<\/p>\n<p>Utilis\u00e9e, aucun valeur sur la carte 2421<\/p>\n<p>Carte #4009293<\/p>\n<p>Date 05-2016[:]<\/p>\n","protected":false},"excerpt":{"rendered":"<p>[:en]Fixed Amount Series 4 -Corporate Issue $25.00 Maximum Tools Used, no value on card 2421 Card #4009293 Date 05-2016[:fr]Montant Fixe s\u00e9ries 4 -\u00c9mission corporatif $25.00 Maximum Tools Utilis\u00e9e, aucun valeur sur la carte 2421 Carte #4009293 Date 05-2016[:]<\/p>\n","protected":false},"featured_media":23275,"template":"","meta":[],"product_brand":[],"product_cat":[755],"product_tag":[],"class_list":{"0":"post-22645","1":"product","2":"type-product","3":"status-publish","4":"has-post-thumbnail","6":"product_cat-fa04-025","9":"first","10":"instock","11":"shipping-taxable","12":"purchasable","13":"product-type-simple"},"_links":{"self":[{"href":"https:\/\/ctccollector.ca\/store\/wp-json\/wp\/v2\/product\/22645","targetHints":{"allow":["GET"]}}],"collection":[{"href":"https:\/\/ctccollector.ca\/store\/wp-json\/wp\/v2\/product"}],"about":[{"href":"https:\/\/ctccollector.ca\/store\/wp-json\/wp\/v2\/types\/product"}],"wp:featuredmedia":[{"embeddable":true,"href":"https:\/\/ctccollector.ca\/store\/wp-json\/wp\/v2\/media\/23275"}],"wp:attachment":[{"href":"https:\/\/ctccollector.ca\/store\/wp-json\/wp\/v2\/media?parent=22645"}],"wp:term":[{"taxonomy":"product_brand","embeddable":true,"href":"https:\/\/ctccollector.ca\/store\/wp-json\/wp\/v2\/product_brand?post=22645"},{"taxonomy":"product_cat","embeddable":true,"href":"https:\/\/ctccollector.ca\/store\/wp-json\/wp\/v2\/product_cat?post=22645"},{"taxonomy":"product_tag","embeddable":true,"href":"https:\/\/ctccollector.ca\/store\/wp-json\/wp\/v2\/product_tag?post=22645"}],"curies":[{"name":"wp","href":"https:\/\/api.w.org\/{rel}","templated":true}]}}