{"id":23696,"date":"2018-09-07T16:19:56","date_gmt":"2018-09-07T20:19:56","guid":{"rendered":"https:\/\/ctccollector.ca\/store\/?post_type=product&#038;p=23696"},"modified":"2025-01-30T15:31:08","modified_gmt":"2025-01-30T20:31:08","slug":"ct-sn-05-2017-150th-anniversary-of-confederation-of-canada","status":"publish","type":"product","link":"https:\/\/ctccollector.ca\/store\/shop\/ct-sn-05-2017-150th-anniversary-of-confederation-of-canada\/","title":{"rendered":"[:en]CT-SN-05 &#8211; 2017 &#8211; 150th Anniversary of Confederation of Canada[:fr]CT-SN-05 &#8211; 2017 &#8211; 150e Anniversaire de la Confederation du Canada[:]"},"content":{"rendered":"<p>[:en]Grade: \u00a0UNC<\/p>\n<p>See the image for type of note, actual serial number is 0186720170.<\/p>\n<p>Quantity issued 210[:fr]Grade: \u00a0UNC<\/p>\n<p class=\"p1\">2017 &#8211; 150th Anniversaire de la Confederation du Canada<\/p>\n<p>Voir l&#8217;image pour le billet, le num\u00e9ro de s\u00e9rie est 0186720170.<\/p>\n<p>Quantit\u00e9 \u00e9mise 210[:]<\/p>\n","protected":false},"excerpt":{"rendered":"<p>[:en]Grade: \u00a0UNC See the image for type of note, actual serial number is 0186720170. Quantity issued 210[:fr]Grade: \u00a0UNC 2017 &#8211; 150th Anniversaire de la Confederation du Canada Voir l&#8217;image pour le billet, le num\u00e9ro de s\u00e9rie est 0186720170. Quantit\u00e9 \u00e9mise 210[:]<\/p>\n","protected":false},"featured_media":23697,"template":"","meta":[],"product_brand":[],"product_cat":[973],"product_tag":[],"class_list":{"0":"post-23696","1":"product","2":"type-product","3":"status-publish","4":"has-post-thumbnail","6":"product_cat-ctcc-special-notes","9":"first","10":"instock","11":"shipping-taxable","12":"purchasable","13":"product-type-simple"},"_links":{"self":[{"href":"https:\/\/ctccollector.ca\/store\/wp-json\/wp\/v2\/product\/23696","targetHints":{"allow":["GET"]}}],"collection":[{"href":"https:\/\/ctccollector.ca\/store\/wp-json\/wp\/v2\/product"}],"about":[{"href":"https:\/\/ctccollector.ca\/store\/wp-json\/wp\/v2\/types\/product"}],"wp:featuredmedia":[{"embeddable":true,"href":"https:\/\/ctccollector.ca\/store\/wp-json\/wp\/v2\/media\/23697"}],"wp:attachment":[{"href":"https:\/\/ctccollector.ca\/store\/wp-json\/wp\/v2\/media?parent=23696"}],"wp:term":[{"taxonomy":"product_brand","embeddable":true,"href":"https:\/\/ctccollector.ca\/store\/wp-json\/wp\/v2\/product_brand?post=23696"},{"taxonomy":"product_cat","embeddable":true,"href":"https:\/\/ctccollector.ca\/store\/wp-json\/wp\/v2\/product_cat?post=23696"},{"taxonomy":"product_tag","embeddable":true,"href":"https:\/\/ctccollector.ca\/store\/wp-json\/wp\/v2\/product_tag?post=23696"}],"curies":[{"name":"wp","href":"https:\/\/api.w.org\/{rel}","templated":true}]}}