{"id":23720,"date":"2018-09-13T11:55:03","date_gmt":"2018-09-13T15:55:03","guid":{"rendered":"https:\/\/ctccollector.ca\/store\/?post_type=product&#038;p=23720"},"modified":"2023-01-10T19:57:18","modified_gmt":"2023-01-11T00:57:18","slug":"fa02-050-17-type-020-2405-0209-18931","status":"publish","type":"product","link":"https:\/\/ctccollector.ca\/store\/shop\/fa02-050-17-type-020-2405-0209-18931\/","title":{"rendered":"[:en]FA02-050-17-Type 020-2405-0209 &#8211; 18931[:fr]FA02-050-17-Type 020-2405-0209 &#8211; 18931[:]"},"content":{"rendered":"<p>[:en]Fixed Amount Series 2<br \/>\n$50.00 Mosaic on a Carpet<\/p>\n<p>Used, no value on card<\/p>\n<p>Card #18931<\/p>\n<p>Date 02-2009 &#8211; Thin Date, logo &amp; serial #[:fr]Montant Fixe s\u00e9ries 2<br \/>\n$50.00 Mosaique sur un tapis<\/p>\n<p>Utilis\u00e9e, aucun valeur sur la carte<\/p>\n<p>Carte #18931<\/p>\n<p>Date 02-2009 &#8211; Minc &#8211; Date, logo &amp; S\u00e9rie #[:]<\/p>\n","protected":false},"excerpt":{"rendered":"<p>[:en]Fixed Amount Series 2 $50.00 Mosaic on a Carpet Used, no value on card Card #18931 Date 02-2009 &#8211; Thin Date, logo &amp; serial #[:fr]Montant Fixe s\u00e9ries 2 $50.00 Mosaique sur un tapis Utilis\u00e9e, aucun valeur sur la carte Carte #18931 Date 02-2009 &#8211; Minc &#8211; Date, logo &amp; S\u00e9rie #[:]<\/p>\n","protected":false},"featured_media":23721,"template":"","meta":[],"product_brand":[],"product_cat":[748],"product_tag":[],"class_list":{"0":"post-23720","1":"product","2":"type-product","3":"status-publish","4":"has-post-thumbnail","6":"product_cat-fa02-050","9":"first","10":"instock","11":"shipping-taxable","12":"purchasable","13":"product-type-simple"},"_links":{"self":[{"href":"https:\/\/ctccollector.ca\/store\/wp-json\/wp\/v2\/product\/23720","targetHints":{"allow":["GET"]}}],"collection":[{"href":"https:\/\/ctccollector.ca\/store\/wp-json\/wp\/v2\/product"}],"about":[{"href":"https:\/\/ctccollector.ca\/store\/wp-json\/wp\/v2\/types\/product"}],"wp:featuredmedia":[{"embeddable":true,"href":"https:\/\/ctccollector.ca\/store\/wp-json\/wp\/v2\/media\/23721"}],"wp:attachment":[{"href":"https:\/\/ctccollector.ca\/store\/wp-json\/wp\/v2\/media?parent=23720"}],"wp:term":[{"taxonomy":"product_brand","embeddable":true,"href":"https:\/\/ctccollector.ca\/store\/wp-json\/wp\/v2\/product_brand?post=23720"},{"taxonomy":"product_cat","embeddable":true,"href":"https:\/\/ctccollector.ca\/store\/wp-json\/wp\/v2\/product_cat?post=23720"},{"taxonomy":"product_tag","embeddable":true,"href":"https:\/\/ctccollector.ca\/store\/wp-json\/wp\/v2\/product_tag?post=23720"}],"curies":[{"name":"wp","href":"https:\/\/api.w.org\/{rel}","templated":true}]}}