{"id":23947,"date":"2018-10-12T10:04:23","date_gmt":"2018-10-12T14:04:23","guid":{"rendered":"https:\/\/ctccollector.ca\/store\/?post_type=product&#038;p=23947"},"modified":"2023-10-06T14:14:46","modified_gmt":"2023-10-06T18:14:46","slug":"ctc-s19-g-7500394892-unc-well-centered","status":"publish","type":"product","link":"https:\/\/ctccollector.ca\/store\/shop\/ctc-s19-g-7500394892-unc-well-centered\/","title":{"rendered":"[:en]CTC S19-G  &#8211; 7500394892 &#8211;  UNC &#8211; Well centered[:fr]CTC S19-G  &#8211; 7500394892 &#8211;  UNC &#8211; Bien centr\u00e9[:]"},"content":{"rendered":"<p>[:en]Check out the image, this will be the actual note you are purchasing!<\/p>\n<p>Missing period after &#8220;business&#8221; variety.[:fr]Voir l\u2019image pour examiner le billet que vous ach\u00e8terez!<\/p>\n<p>Vari\u00e9t\u00e9 avec point manquante apr\u00e8s &#8220;business&#8221;.[:]<\/p>\n","protected":false},"excerpt":{"rendered":"<p>[:en]Check out the image, this will be the actual note you are purchasing! Missing period after &#8220;business&#8221; variety.[:fr]Voir l\u2019image pour examiner le billet que vous ach\u00e8terez! Vari\u00e9t\u00e9 avec point manquante apr\u00e8s &#8220;business&#8221;.[:]<\/p>\n","protected":false},"featured_media":23937,"template":"","meta":[],"product_brand":[],"product_cat":[411,413],"product_tag":[],"class_list":{"0":"post-23947","1":"product","2":"type-product","3":"status-publish","4":"has-post-thumbnail","6":"product_cat-ctc-s19-regular-notes-11","7":"product_cat-ctc-s19-varieties-4","10":"first","11":"outofstock","12":"shipping-taxable","13":"purchasable","14":"product-type-simple"},"_links":{"self":[{"href":"https:\/\/ctccollector.ca\/store\/wp-json\/wp\/v2\/product\/23947","targetHints":{"allow":["GET"]}}],"collection":[{"href":"https:\/\/ctccollector.ca\/store\/wp-json\/wp\/v2\/product"}],"about":[{"href":"https:\/\/ctccollector.ca\/store\/wp-json\/wp\/v2\/types\/product"}],"wp:featuredmedia":[{"embeddable":true,"href":"https:\/\/ctccollector.ca\/store\/wp-json\/wp\/v2\/media\/23937"}],"wp:attachment":[{"href":"https:\/\/ctccollector.ca\/store\/wp-json\/wp\/v2\/media?parent=23947"}],"wp:term":[{"taxonomy":"product_brand","embeddable":true,"href":"https:\/\/ctccollector.ca\/store\/wp-json\/wp\/v2\/product_brand?post=23947"},{"taxonomy":"product_cat","embeddable":true,"href":"https:\/\/ctccollector.ca\/store\/wp-json\/wp\/v2\/product_cat?post=23947"},{"taxonomy":"product_tag","embeddable":true,"href":"https:\/\/ctccollector.ca\/store\/wp-json\/wp\/v2\/product_tag?post=23947"}],"curies":[{"name":"wp","href":"https:\/\/api.w.org\/{rel}","templated":true}]}}