{"id":25043,"date":"2019-03-20T08:25:10","date_gmt":"2019-03-20T12:25:10","guid":{"rendered":"https:\/\/ctccollector.ca\/store\/?post_type=product&#038;p=25043"},"modified":"2020-10-30T14:28:14","modified_gmt":"2020-10-30T18:28:14","slug":"ctc-s28-fa06-999-9990253815-unc-well-centred","status":"publish","type":"product","link":"https:\/\/ctccollector.ca\/store\/shop\/ctc-s28-fa06-999-9990253815-unc-well-centred\/","title":{"rendered":"[:en]CTC S28-Fa06-999 &#8211; 9990253815  &#8211;  UNC &#8211; well centred[:fr]CTC S28-Fa06-999 &#8211; 9990253815  &#8211;  UNC &#8211; Bien centr\u00e9[:]"},"content":{"rendered":"<p>[:en]Check out the image, this will be the actual note you will receive.<\/p>\n<p>This batch of single note replacements for this series start at 9990250000 and go to9990299999.[:fr]Examiner l&#8217;image, ce sera le billet que vous recevrez.<\/p>\n<p>Ce lot de remplacements simples pour cette s\u00e9rie commence \u00e0 9990250000 et se termine \u00e0 9990299999[:]<\/p>\n","protected":false},"excerpt":{"rendered":"<p>[:en]Check out the image, this will be the actual note you will receive. This batch of single note replacements for this series start at 9990250000 and go to9990299999.[:fr]Examiner l&#8217;image, ce sera le billet que vous recevrez. Ce lot de remplacements simples pour cette s\u00e9rie commence \u00e0 9990250000 et se termine \u00e0 9990299999[:]<\/p>\n","protected":false},"featured_media":25044,"template":"","meta":[],"product_brand":[],"product_cat":[485],"product_tag":[],"class_list":{"0":"post-25043","1":"product","2":"type-product","3":"status-publish","4":"has-post-thumbnail","6":"product_cat-ctc-s28-1-replacement-notes","9":"first","10":"instock","11":"shipping-taxable","12":"purchasable","13":"product-type-simple"},"_links":{"self":[{"href":"https:\/\/ctccollector.ca\/store\/wp-json\/wp\/v2\/product\/25043","targetHints":{"allow":["GET"]}}],"collection":[{"href":"https:\/\/ctccollector.ca\/store\/wp-json\/wp\/v2\/product"}],"about":[{"href":"https:\/\/ctccollector.ca\/store\/wp-json\/wp\/v2\/types\/product"}],"wp:featuredmedia":[{"embeddable":true,"href":"https:\/\/ctccollector.ca\/store\/wp-json\/wp\/v2\/media\/25044"}],"wp:attachment":[{"href":"https:\/\/ctccollector.ca\/store\/wp-json\/wp\/v2\/media?parent=25043"}],"wp:term":[{"taxonomy":"product_brand","embeddable":true,"href":"https:\/\/ctccollector.ca\/store\/wp-json\/wp\/v2\/product_brand?post=25043"},{"taxonomy":"product_cat","embeddable":true,"href":"https:\/\/ctccollector.ca\/store\/wp-json\/wp\/v2\/product_cat?post=25043"},{"taxonomy":"product_tag","embeddable":true,"href":"https:\/\/ctccollector.ca\/store\/wp-json\/wp\/v2\/product_tag?post=25043"}],"curies":[{"name":"wp","href":"https:\/\/api.w.org\/{rel}","templated":true}]}}