{"id":28457,"date":"2020-07-31T15:54:28","date_gmt":"2020-07-31T19:54:28","guid":{"rendered":"https:\/\/ctccollector.ca\/store\/?post_type=product&#038;p=28457"},"modified":"2021-07-19T11:27:25","modified_gmt":"2021-07-19T15:27:25","slug":"ct-op-2605-ctc-s26-b-2004240876-2001-bank-of-canada-museum-exhibit","status":"publish","type":"product","link":"https:\/\/ctccollector.ca\/store\/shop\/ct-op-2605-ctc-s26-b-2004240876-2001-bank-of-canada-museum-exhibit\/","title":{"rendered":"[:en]CT-OP-2605 &#8211; CTC S26-B &#8211; 2004240876 &#8211; 2001 Bank of Canada Museum Exhibit[:fr]CT-OP-2605 &#8211; CTC S26-B &#8211; 2004240876 &#8211; 2001 Mus\u00e9e de la Banque du Canada[:]"},"content":{"rendered":"<p>[:en]A small quantity of CTC S26-B 5cent; coupons were supplied by the Canadian Tire Corporation and were overprinted on the back in red by the CTCCC and handed out to visitors at the Canadian Tire Exhibit in Ottawa in 2001.\u00a0 The actual serial number will be the same as the image.[:fr]Une petite quantit\u00e9 de coupons CTC S26-B de 5\u00a2 ont \u00e9t\u00e9 surimprim\u00e9 \u00e0 l&#8217;endos en rouge par le CTCCC et donn\u00e9 au visiteurs de l&#8217;\u00e9xhibit sur l&#8217;argent CTC pr\u00e9sent\u00e9 au Mus\u00e9e de la monnaie \u00e0 Ottawa. Ces coupons ont \u00e9t\u00e9 fourni par la Corporation Canadian Tire en 2001. Le num\u00e9ro de s\u00e9rie sera comme l&#8217;image.[:]<\/p>\n","protected":false},"excerpt":{"rendered":"<p>[:en]A small quantity of CTC S26-B 5cent; coupons were supplied by the Canadian Tire Corporation and were overprinted on the back in red by the CTCCC and handed out to visitors at the Canadian Tire Exhibit in Ottawa in 2001.\u00a0 The actual serial number will be the same as the image.[:fr]Une petite quantit\u00e9 de coupons &hellip; <a href=\"https:\/\/ctccollector.ca\/store\/shop\/ct-op-2605-ctc-s26-b-2004240876-2001-bank-of-canada-museum-exhibit\/\" class=\"more-link\">Continue reading <span class=\"screen-reader-text\">[:en]CT-OP-2605 &#8211; CTC S26-B &#8211; 2004240876 &#8211; 2001 Bank of Canada Museum Exhibit[:fr]CT-OP-2605 &#8211; CTC S26-B &#8211; 2004240876 &#8211; 2001 Mus\u00e9e de la Banque du Canada[:]<\/span> <span class=\"meta-nav\">&rarr;<\/span><\/a><\/p>\n","protected":false},"featured_media":28458,"template":"","meta":[],"product_brand":[],"product_cat":[972],"product_tag":[],"class_list":{"0":"post-28457","1":"product","2":"type-product","3":"status-publish","4":"has-post-thumbnail","6":"product_cat-ctcc-overprint-notes","9":"first","10":"instock","11":"shipping-taxable","12":"purchasable","13":"product-type-simple"},"_links":{"self":[{"href":"https:\/\/ctccollector.ca\/store\/wp-json\/wp\/v2\/product\/28457","targetHints":{"allow":["GET"]}}],"collection":[{"href":"https:\/\/ctccollector.ca\/store\/wp-json\/wp\/v2\/product"}],"about":[{"href":"https:\/\/ctccollector.ca\/store\/wp-json\/wp\/v2\/types\/product"}],"wp:featuredmedia":[{"embeddable":true,"href":"https:\/\/ctccollector.ca\/store\/wp-json\/wp\/v2\/media\/28458"}],"wp:attachment":[{"href":"https:\/\/ctccollector.ca\/store\/wp-json\/wp\/v2\/media?parent=28457"}],"wp:term":[{"taxonomy":"product_brand","embeddable":true,"href":"https:\/\/ctccollector.ca\/store\/wp-json\/wp\/v2\/product_brand?post=28457"},{"taxonomy":"product_cat","embeddable":true,"href":"https:\/\/ctccollector.ca\/store\/wp-json\/wp\/v2\/product_cat?post=28457"},{"taxonomy":"product_tag","embeddable":true,"href":"https:\/\/ctccollector.ca\/store\/wp-json\/wp\/v2\/product_tag?post=28457"}],"curies":[{"name":"wp","href":"https:\/\/api.w.org\/{rel}","templated":true}]}}