{"id":29153,"date":"2020-10-19T19:55:02","date_gmt":"2020-10-19T23:55:02","guid":{"rendered":"https:\/\/ctccollector.ca\/store\/?post_type=product&#038;p=29153"},"modified":"2021-09-22T13:12:31","modified_gmt":"2021-09-22T17:12:31","slug":"ctc-s28-b08-03-0324296908-unc-pale-right-digit","status":"publish","type":"product","link":"https:\/\/ctccollector.ca\/store\/shop\/ctc-s28-b08-03-0324296908-unc-pale-right-digit\/","title":{"rendered":"[:en]CTC S28-B08-03 &#8211; 0324296908 &#8211; UNC &#8211; Pale right digit[:fr]CTC S28-B08-03 &#8211; 0324296908 &#8211; UNC &#8211; chiffres de droite p\u00e2le[:]"},"content":{"rendered":"<p>[:en]Check out the image, the serial number may differ but it will be like the scan.[:fr]Coir l&#8217;image, le num\u00e9ro de s\u00e9rie peut varier mais est comme celui d\u00e9montr\u00e9.[:]<\/p>\n","protected":false},"excerpt":{"rendered":"<p>[:en]Check out the image, the serial number may differ but it will be like the scan.[:fr]Coir l&#8217;image, le num\u00e9ro de s\u00e9rie peut varier mais est comme celui d\u00e9montr\u00e9.[:]<\/p>\n","protected":false},"featured_media":29149,"template":"","meta":[],"product_brand":[],"product_cat":[475,992],"product_tag":[],"class_list":{"0":"post-29153","1":"product","2":"type-product","3":"status-publish","4":"has-post-thumbnail","6":"product_cat-ctc-s28-5-varieties-errors","7":"product_cat-serial-number-varieties","10":"first","11":"instock","12":"shipping-taxable","13":"purchasable","14":"product-type-simple"},"_links":{"self":[{"href":"https:\/\/ctccollector.ca\/store\/wp-json\/wp\/v2\/product\/29153","targetHints":{"allow":["GET"]}}],"collection":[{"href":"https:\/\/ctccollector.ca\/store\/wp-json\/wp\/v2\/product"}],"about":[{"href":"https:\/\/ctccollector.ca\/store\/wp-json\/wp\/v2\/types\/product"}],"wp:featuredmedia":[{"embeddable":true,"href":"https:\/\/ctccollector.ca\/store\/wp-json\/wp\/v2\/media\/29149"}],"wp:attachment":[{"href":"https:\/\/ctccollector.ca\/store\/wp-json\/wp\/v2\/media?parent=29153"}],"wp:term":[{"taxonomy":"product_brand","embeddable":true,"href":"https:\/\/ctccollector.ca\/store\/wp-json\/wp\/v2\/product_brand?post=29153"},{"taxonomy":"product_cat","embeddable":true,"href":"https:\/\/ctccollector.ca\/store\/wp-json\/wp\/v2\/product_cat?post=29153"},{"taxonomy":"product_tag","embeddable":true,"href":"https:\/\/ctccollector.ca\/store\/wp-json\/wp\/v2\/product_tag?post=29153"}],"curies":[{"name":"wp","href":"https:\/\/api.w.org\/{rel}","templated":true}]}}