{"id":30269,"date":"2021-01-31T12:00:12","date_gmt":"2021-01-31T17:00:12","guid":{"rendered":"https:\/\/ctccollector.ca\/store\/?post_type=product&#038;p=30269"},"modified":"2023-08-22T19:19:35","modified_gmt":"2023-08-22T23:19:35","slug":"el09-16-service-a-la-clientele-certification-or-with-presentation-case","status":"publish","type":"product","link":"https:\/\/ctccollector.ca\/store\/shop\/el09-16-service-a-la-clientele-certification-or-with-presentation-case\/","title":{"rendered":"[:en]EL09-16 &#8211; Service \u00e0 la client\u00e8le &#8211; Certification Or with presentation case[:fr]EL09-16 &#8211; Service \u00e0 la client\u00e8le &#8211; Certification Or avec case[:]"},"content":{"rendered":"<p>[:en]<\/p>\n<p class=\"p1\">EL09-16 &#8211; Service \u00e0 la client\u00e8le &#8211; Certification Or<\/p>\n<p>Size 29 mm<\/p>\n<p>See scan for the actual pin you will be purchasing.[:fr]<\/p>\n<p class=\"p1\">EL09-16 &#8211; Service \u00e0 la client\u00e8le &#8211; Certification Or avec case<\/p>\n<p>Grandeur 29 mm<\/p>\n<p>Voir l\u2019image de l\u2019\u00e9pinglette r\u00e9elle que vous ach\u00e8terez.[:]<\/p>\n","protected":false},"excerpt":{"rendered":"<p>[:en] EL09-16 &#8211; Service \u00e0 la client\u00e8le &#8211; Certification Or Size 29 mm See scan for the actual pin you will be purchasing.[:fr] EL09-16 &#8211; Service \u00e0 la client\u00e8le &#8211; Certification Or avec case Grandeur 29 mm Voir l\u2019image de l\u2019\u00e9pinglette r\u00e9elle que vous ach\u00e8terez.[:]<\/p>\n","protected":false},"featured_media":30271,"template":"","meta":[],"product_brand":[],"product_cat":[927],"product_tag":[],"class_list":{"0":"post-30269","1":"product","2":"type-product","3":"status-publish","4":"has-post-thumbnail","6":"product_cat-cse-el09","9":"first","10":"instock","11":"shipping-taxable","12":"purchasable","13":"product-type-simple"},"_links":{"self":[{"href":"https:\/\/ctccollector.ca\/store\/wp-json\/wp\/v2\/product\/30269","targetHints":{"allow":["GET"]}}],"collection":[{"href":"https:\/\/ctccollector.ca\/store\/wp-json\/wp\/v2\/product"}],"about":[{"href":"https:\/\/ctccollector.ca\/store\/wp-json\/wp\/v2\/types\/product"}],"wp:featuredmedia":[{"embeddable":true,"href":"https:\/\/ctccollector.ca\/store\/wp-json\/wp\/v2\/media\/30271"}],"wp:attachment":[{"href":"https:\/\/ctccollector.ca\/store\/wp-json\/wp\/v2\/media?parent=30269"}],"wp:term":[{"taxonomy":"product_brand","embeddable":true,"href":"https:\/\/ctccollector.ca\/store\/wp-json\/wp\/v2\/product_brand?post=30269"},{"taxonomy":"product_cat","embeddable":true,"href":"https:\/\/ctccollector.ca\/store\/wp-json\/wp\/v2\/product_cat?post=30269"},{"taxonomy":"product_tag","embeddable":true,"href":"https:\/\/ctccollector.ca\/store\/wp-json\/wp\/v2\/product_tag?post=30269"}],"curies":[{"name":"wp","href":"https:\/\/api.w.org\/{rel}","templated":true}]}}