{"id":30849,"date":"2021-03-29T14:09:16","date_gmt":"2021-03-29T18:09:16","guid":{"rendered":"https:\/\/ctccollector.ca\/store\/?post_type=product&#038;p=30849"},"modified":"2021-12-10T13:18:19","modified_gmt":"2021-12-10T18:18:19","slug":"fa13-025-03b-type-087-2415-0919-81259-3","status":"publish","type":"product","link":"https:\/\/ctccollector.ca\/store\/shop\/fa13-025-03b-type-087-2415-0919-81259-3\/","title":{"rendered":"FA13-025-03b-Type 087 &#8211; 2415-0919 &#8211; 81259-3"},"content":{"rendered":"<p>[:en]Fixed Amount Series 13<\/p>\n<p>$25.00 CTC Logo on Black with small numbers.<\/p>\n<p>Used, no value on card<\/p>\n<p>2415 &#8211;\u00a0Card #81259-3<\/p>\n<p>Date 09\/2019[:fr]Montant Fixe s\u00e9ries 13<\/p>\n<p>$25.00 logo CTC sur fond noir avec petits num\u00e9ros.<\/p>\n<p>Utilis\u00e9e, aucun valeur sur la carte<\/p>\n<p>2415 &#8211;\u00a0Carte #81259-3<\/p>\n<p>Date 09\/2019[:]<\/p>\n","protected":false},"excerpt":{"rendered":"<p>[:en]Fixed Amount Series 13 $25.00 CTC Logo on Black with small numbers. Used, no value on card 2415 &#8211;\u00a0Card #81259-3 Date 09\/2019[:fr]Montant Fixe s\u00e9ries 13 $25.00 logo CTC sur fond noir avec petits num\u00e9ros. Utilis\u00e9e, aucun valeur sur la carte 2415 &#8211;\u00a0Carte #81259-3 Date 09\/2019[:]<\/p>\n","protected":false},"featured_media":30850,"template":"","meta":[],"product_brand":[],"product_cat":[928],"product_tag":[],"class_list":{"0":"post-30849","1":"product","2":"type-product","3":"status-publish","4":"has-post-thumbnail","6":"product_cat-fixed-amount-fa13","9":"first","10":"instock","11":"shipping-taxable","12":"purchasable","13":"product-type-simple"},"_links":{"self":[{"href":"https:\/\/ctccollector.ca\/store\/wp-json\/wp\/v2\/product\/30849","targetHints":{"allow":["GET"]}}],"collection":[{"href":"https:\/\/ctccollector.ca\/store\/wp-json\/wp\/v2\/product"}],"about":[{"href":"https:\/\/ctccollector.ca\/store\/wp-json\/wp\/v2\/types\/product"}],"wp:featuredmedia":[{"embeddable":true,"href":"https:\/\/ctccollector.ca\/store\/wp-json\/wp\/v2\/media\/30850"}],"wp:attachment":[{"href":"https:\/\/ctccollector.ca\/store\/wp-json\/wp\/v2\/media?parent=30849"}],"wp:term":[{"taxonomy":"product_brand","embeddable":true,"href":"https:\/\/ctccollector.ca\/store\/wp-json\/wp\/v2\/product_brand?post=30849"},{"taxonomy":"product_cat","embeddable":true,"href":"https:\/\/ctccollector.ca\/store\/wp-json\/wp\/v2\/product_cat?post=30849"},{"taxonomy":"product_tag","embeddable":true,"href":"https:\/\/ctccollector.ca\/store\/wp-json\/wp\/v2\/product_tag?post=30849"}],"curies":[{"name":"wp","href":"https:\/\/api.w.org\/{rel}","templated":true}]}}