{"id":32304,"date":"2021-09-27T13:54:23","date_gmt":"2021-09-27T17:54:23","guid":{"rendered":"https:\/\/ctccollector.ca\/store\/?post_type=product&#038;p=32304"},"modified":"2023-10-10T13:29:11","modified_gmt":"2023-10-10T17:29:11","slug":"ctc-s18-f-specimen-sheet-511-unc","status":"publish","type":"product","link":"https:\/\/ctccollector.ca\/store\/shop\/ctc-s18-f-specimen-sheet-511-unc\/","title":{"rendered":"CTC S18-F  &#8211;  Specimen sheet #511 &#8211; UNC"},"content":{"rendered":"<p>[:en]Check out the image, this will be the actual note you are purchasing except the serial number is 0511![:fr]Voir l\u2019image pour examiner le billet que vous ach\u00e8terez sauf le num\u00e9ro de s\u00e9rie est 0511![:]<\/p>\n","protected":false},"excerpt":{"rendered":"<p>[:en]Check out the image, this will be the actual note you are purchasing except the serial number is 0511![:fr]Voir l\u2019image pour examiner le billet que vous ach\u00e8terez sauf le num\u00e9ro de s\u00e9rie est 0511![:]<\/p>\n","protected":false},"featured_media":32305,"template":"","meta":[],"product_brand":[],"product_cat":[408],"product_tag":[],"class_list":{"0":"post-32304","1":"product","2":"type-product","3":"status-publish","4":"has-post-thumbnail","6":"product_cat-ctc-s18-regular-notes-10","9":"first","10":"outofstock","11":"shipping-taxable","12":"purchasable","13":"product-type-simple"},"_links":{"self":[{"href":"https:\/\/ctccollector.ca\/store\/wp-json\/wp\/v2\/product\/32304","targetHints":{"allow":["GET"]}}],"collection":[{"href":"https:\/\/ctccollector.ca\/store\/wp-json\/wp\/v2\/product"}],"about":[{"href":"https:\/\/ctccollector.ca\/store\/wp-json\/wp\/v2\/types\/product"}],"wp:featuredmedia":[{"embeddable":true,"href":"https:\/\/ctccollector.ca\/store\/wp-json\/wp\/v2\/media\/32305"}],"wp:attachment":[{"href":"https:\/\/ctccollector.ca\/store\/wp-json\/wp\/v2\/media?parent=32304"}],"wp:term":[{"taxonomy":"product_brand","embeddable":true,"href":"https:\/\/ctccollector.ca\/store\/wp-json\/wp\/v2\/product_brand?post=32304"},{"taxonomy":"product_cat","embeddable":true,"href":"https:\/\/ctccollector.ca\/store\/wp-json\/wp\/v2\/product_cat?post=32304"},{"taxonomy":"product_tag","embeddable":true,"href":"https:\/\/ctccollector.ca\/store\/wp-json\/wp\/v2\/product_tag?post=32304"}],"curies":[{"name":"wp","href":"https:\/\/api.w.org\/{rel}","templated":true}]}}