{"id":33054,"date":"2022-02-09T14:31:47","date_gmt":"2022-02-09T19:31:47","guid":{"rendered":"https:\/\/ctccollector.ca\/store\/?post_type=product&#038;p=33054"},"modified":"2022-02-09T14:33:38","modified_gmt":"2022-02-09T19:33:38","slug":"ctc-s23-f-0001756976-fine-offset-serial-number","status":"publish","type":"product","link":"https:\/\/ctccollector.ca\/store\/shop\/ctc-s23-f-0001756976-fine-offset-serial-number\/","title":{"rendered":"[:en]CTC S23-F  &#8211; 0001756976 &#8211; Fine &#8211; offset serial number[:fr]CTC S23-F  &#8211; 0001756976 &#8211; Fine &#8211; num\u00e9ro de s\u00e9rie d\u00e9cal\u00e9[:]"},"content":{"rendered":"<p>[:en]Check out the image, this will be the actual note you are purchasing![:fr]Voir l&#8217;image pour examiner le billet que vous ach\u00e8terez![:]<\/p>\n","protected":false},"excerpt":{"rendered":"<p>[:en]Check out the image, this will be the actual note you are purchasing![:fr]Voir l&#8217;image pour examiner le billet que vous ach\u00e8terez![:]<\/p>\n","protected":false},"featured_media":33052,"template":"","meta":[],"product_brand":[],"product_cat":[422,992],"product_tag":[],"class_list":{"0":"post-33054","1":"product","2":"type-product","3":"status-publish","4":"has-post-thumbnail","6":"product_cat-ctc-s23-regular-notes-15","7":"product_cat-serial-number-varieties","10":"first","11":"instock","12":"shipping-taxable","13":"purchasable","14":"product-type-simple"},"_links":{"self":[{"href":"https:\/\/ctccollector.ca\/store\/wp-json\/wp\/v2\/product\/33054","targetHints":{"allow":["GET"]}}],"collection":[{"href":"https:\/\/ctccollector.ca\/store\/wp-json\/wp\/v2\/product"}],"about":[{"href":"https:\/\/ctccollector.ca\/store\/wp-json\/wp\/v2\/types\/product"}],"wp:featuredmedia":[{"embeddable":true,"href":"https:\/\/ctccollector.ca\/store\/wp-json\/wp\/v2\/media\/33052"}],"wp:attachment":[{"href":"https:\/\/ctccollector.ca\/store\/wp-json\/wp\/v2\/media?parent=33054"}],"wp:term":[{"taxonomy":"product_brand","embeddable":true,"href":"https:\/\/ctccollector.ca\/store\/wp-json\/wp\/v2\/product_brand?post=33054"},{"taxonomy":"product_cat","embeddable":true,"href":"https:\/\/ctccollector.ca\/store\/wp-json\/wp\/v2\/product_cat?post=33054"},{"taxonomy":"product_tag","embeddable":true,"href":"https:\/\/ctccollector.ca\/store\/wp-json\/wp\/v2\/product_tag?post=33054"}],"curies":[{"name":"wp","href":"https:\/\/api.w.org\/{rel}","templated":true}]}}