{"id":33108,"date":"2022-02-13T11:44:16","date_gmt":"2022-02-13T16:44:16","guid":{"rendered":"https:\/\/ctccollector.ca\/store\/?post_type=product&#038;p=33108"},"modified":"2022-02-13T11:46:26","modified_gmt":"2022-02-13T16:46:26","slug":"ctc-s28-ba08-90-9000676228-au-vertical-offcut","status":"publish","type":"product","link":"https:\/\/ctccollector.ca\/store\/shop\/ctc-s28-ba08-90-9000676228-au-vertical-offcut\/","title":{"rendered":"[:en]CTC S28-Ba08-90 &#8211; 9000676228 &#8211; AU &#8211; vertical offcut[:fr]CTC S28-Ba08-90 &#8211; 9000676228 &#8211; AU &#8211; verticale d\u00e9centr\u00e9[:]"},"content":{"rendered":"<p>[:en]Check the image for the actual note you will receive.[:fr]V\u00e9rifiez l&#8217;image pour le billet actuel que vous recevrez.[:]<\/p>\n","protected":false},"excerpt":{"rendered":"<p>[:en]Check the image for the actual note you will receive.[:fr]V\u00e9rifiez l&#8217;image pour le billet actuel que vous recevrez.[:]<\/p>\n","protected":false},"featured_media":33109,"template":"","meta":[],"product_brand":[],"product_cat":[481,989],"product_tag":[],"class_list":{"0":"post-33108","1":"product","2":"type-product","3":"status-publish","4":"has-post-thumbnail","6":"product_cat-ctc-s28-5-replacement-notes","7":"product_cat-front-varieties","10":"first","11":"instock","12":"shipping-taxable","13":"purchasable","14":"product-type-simple"},"_links":{"self":[{"href":"https:\/\/ctccollector.ca\/store\/wp-json\/wp\/v2\/product\/33108","targetHints":{"allow":["GET"]}}],"collection":[{"href":"https:\/\/ctccollector.ca\/store\/wp-json\/wp\/v2\/product"}],"about":[{"href":"https:\/\/ctccollector.ca\/store\/wp-json\/wp\/v2\/types\/product"}],"wp:featuredmedia":[{"embeddable":true,"href":"https:\/\/ctccollector.ca\/store\/wp-json\/wp\/v2\/media\/33109"}],"wp:attachment":[{"href":"https:\/\/ctccollector.ca\/store\/wp-json\/wp\/v2\/media?parent=33108"}],"wp:term":[{"taxonomy":"product_brand","embeddable":true,"href":"https:\/\/ctccollector.ca\/store\/wp-json\/wp\/v2\/product_brand?post=33108"},{"taxonomy":"product_cat","embeddable":true,"href":"https:\/\/ctccollector.ca\/store\/wp-json\/wp\/v2\/product_cat?post=33108"},{"taxonomy":"product_tag","embeddable":true,"href":"https:\/\/ctccollector.ca\/store\/wp-json\/wp\/v2\/product_tag?post=33108"}],"curies":[{"name":"wp","href":"https:\/\/api.w.org\/{rel}","templated":true}]}}