{"id":33886,"date":"2022-06-08T14:50:42","date_gmt":"2022-06-08T18:50:42","guid":{"rendered":"https:\/\/ctccollector.ca\/store\/?post_type=product&#038;p=33886"},"modified":"2022-06-08T14:53:55","modified_gmt":"2022-06-08T18:53:55","slug":"fa04-f-010-08-type-025-2406-1221-70757","status":"publish","type":"product","link":"https:\/\/ctccollector.ca\/store\/shop\/fa04-f-010-08-type-025-2406-1221-70757\/","title":{"rendered":"FA04-F-010-08-Type 025-2406-1221 &#8211; 70757"},"content":{"rendered":"<p>[:en]Fixed Amount Series 4 -Corporate Issue<\/p>\n<p>$10.00 Heritage series<\/p>\n<p>Used, no value on card<\/p>\n<p>2406 &#8211; Card #70757<\/p>\n<p>Date 12-2021[:fr]Montant Fixe s\u00e9ries 4 -\u00c9mission corporatif<\/p>\n<p>$10.00 s\u00e9rie Heritage<\/p>\n<p>Utilis\u00e9e, aucun valeur sur la carte<\/p>\n<p>2406 &#8211; Carte #70757<\/p>\n<p>Date 12-2021[:]<\/p>\n","protected":false},"excerpt":{"rendered":"<p>[:en]Fixed Amount Series 4 -Corporate Issue $10.00 Heritage series Used, no value on card 2406 &#8211; Card #70757 Date 12-2021[:fr]Montant Fixe s\u00e9ries 4 -\u00c9mission corporatif $10.00 s\u00e9rie Heritage Utilis\u00e9e, aucun valeur sur la carte 2406 &#8211; Carte #70757 Date 12-2021[:]<\/p>\n","protected":false},"featured_media":33887,"template":"","meta":[],"product_brand":[],"product_cat":[754],"product_tag":[],"class_list":{"0":"post-33886","1":"product","2":"type-product","3":"status-publish","4":"has-post-thumbnail","6":"product_cat-fa04-010","9":"first","10":"instock","11":"shipping-taxable","12":"purchasable","13":"product-type-simple"},"_links":{"self":[{"href":"https:\/\/ctccollector.ca\/store\/wp-json\/wp\/v2\/product\/33886","targetHints":{"allow":["GET"]}}],"collection":[{"href":"https:\/\/ctccollector.ca\/store\/wp-json\/wp\/v2\/product"}],"about":[{"href":"https:\/\/ctccollector.ca\/store\/wp-json\/wp\/v2\/types\/product"}],"wp:featuredmedia":[{"embeddable":true,"href":"https:\/\/ctccollector.ca\/store\/wp-json\/wp\/v2\/media\/33887"}],"wp:attachment":[{"href":"https:\/\/ctccollector.ca\/store\/wp-json\/wp\/v2\/media?parent=33886"}],"wp:term":[{"taxonomy":"product_brand","embeddable":true,"href":"https:\/\/ctccollector.ca\/store\/wp-json\/wp\/v2\/product_brand?post=33886"},{"taxonomy":"product_cat","embeddable":true,"href":"https:\/\/ctccollector.ca\/store\/wp-json\/wp\/v2\/product_cat?post=33886"},{"taxonomy":"product_tag","embeddable":true,"href":"https:\/\/ctccollector.ca\/store\/wp-json\/wp\/v2\/product_tag?post=33886"}],"curies":[{"name":"wp","href":"https:\/\/api.w.org\/{rel}","templated":true}]}}