{"id":34525,"date":"2022-07-24T16:09:13","date_gmt":"2022-07-24T20:09:13","guid":{"rendered":"https:\/\/ctccollector.ca\/store\/?post_type=product&#038;p=34525"},"modified":"2022-08-26T15:47:12","modified_gmt":"2022-08-26T19:47:12","slug":"fa04-i-025-03-type-062-2425-0321-70615","status":"publish","type":"product","link":"https:\/\/ctccollector.ca\/store\/shop\/fa04-i-025-03-type-062-2425-0321-70615\/","title":{"rendered":"FA04-I-025-03-Type 062 &#8211; 2425-0321 &#8211; 70615"},"content":{"rendered":"<p>[:en]Fixed Amount Series 4 -Corporate Issue<\/p>\n<p>$25.00 Wheelbarrow series<\/p>\n<p>Used, no value on card<\/p>\n<p>2425 &#8211; Card #70615<\/p>\n<p>Date 03-2021[:fr]Montant Fixe s\u00e9ries 4 -\u00c9mission corporative<\/p>\n<p>$25.00 s\u00e9rie Brouette<\/p>\n<p>Utilis\u00e9e, aucune valeur sur la carte<\/p>\n<p>2425 &#8211; Carte #70615<\/p>\n<p>Date 03-2021[:]<\/p>\n","protected":false},"excerpt":{"rendered":"<p>[:en]Fixed Amount Series 4 -Corporate Issue $25.00 Wheelbarrow series Used, no value on card 2425 &#8211; Card #70615 Date 03-2021[:fr]Montant Fixe s\u00e9ries 4 -\u00c9mission corporative $25.00 s\u00e9rie Brouette Utilis\u00e9e, aucune valeur sur la carte 2425 &#8211; Carte #70615 Date 03-2021[:]<\/p>\n","protected":false},"featured_media":34526,"template":"","meta":[],"product_brand":[],"product_cat":[755],"product_tag":[],"class_list":{"0":"post-34525","1":"product","2":"type-product","3":"status-publish","4":"has-post-thumbnail","6":"product_cat-fa04-025","9":"first","10":"instock","11":"shipping-taxable","12":"purchasable","13":"product-type-simple"},"_links":{"self":[{"href":"https:\/\/ctccollector.ca\/store\/wp-json\/wp\/v2\/product\/34525","targetHints":{"allow":["GET"]}}],"collection":[{"href":"https:\/\/ctccollector.ca\/store\/wp-json\/wp\/v2\/product"}],"about":[{"href":"https:\/\/ctccollector.ca\/store\/wp-json\/wp\/v2\/types\/product"}],"wp:featuredmedia":[{"embeddable":true,"href":"https:\/\/ctccollector.ca\/store\/wp-json\/wp\/v2\/media\/34526"}],"wp:attachment":[{"href":"https:\/\/ctccollector.ca\/store\/wp-json\/wp\/v2\/media?parent=34525"}],"wp:term":[{"taxonomy":"product_brand","embeddable":true,"href":"https:\/\/ctccollector.ca\/store\/wp-json\/wp\/v2\/product_brand?post=34525"},{"taxonomy":"product_cat","embeddable":true,"href":"https:\/\/ctccollector.ca\/store\/wp-json\/wp\/v2\/product_cat?post=34525"},{"taxonomy":"product_tag","embeddable":true,"href":"https:\/\/ctccollector.ca\/store\/wp-json\/wp\/v2\/product_tag?post=34525"}],"curies":[{"name":"wp","href":"https:\/\/api.w.org\/{rel}","templated":true}]}}